8*y**2 - 6*y + 8*y**2 - 3*y**3. Suppose 14*d - 120 = 6*d. What is the tens digit of k(d)?
2
Suppose 2*j + 14 = -2*h - 6, 0 = 3*h + 5*j + 38. Let d be 24/9 - 2/h. What is the units digit of 9/12*(1 + d)?
3
Suppose 0 = -3*q + 14 + 7. Suppose -2*w - 13 = -q*w + 3*u, 3*u + 5 = w. Suppose w*j - 128 = 26. What is the tens digit of j?
7
Let x(n) be the first derivative of 15*n**2 + 0*n + 10*n + n**2 - 6. What is the units digit of x(4)?
8
Let o = 148 + -79. Let a = o + 1. Let u = a - 16. What is the units digit of u?
4
Suppose 0 = 95*l + 10285 - 126650 - 30410. What is the units digit of l?
5
Let d = 89 + 63. Let m = d - 61. What is the tens digit of m?
9
Suppose 31*i = 21*i + 61931 + 37309. What is the thousands digit of i?
9
Suppose -7*y - 28 = -11*y. Let s be (y/5 + -3)/((-6)/150). Suppose -2*j + s = 5*q, -5*q - 46 = -5*j - 4*q. What is the tens digit of j?
1
Let n(m) = 235*m + 38. Let v be ((-8)/(-6))/(30/45). What is the hundreds digit of n(v)?
5
Suppose -5*h + 15 = -2*h + 2*w, -4*h = -3*w - 20. Suppose -h*z = -5*a + 505, -a - 388 = -5*a - 4*z. Suppose g = 4*g - a. What is the units digit of g?
3
Let m(z) be the third derivative of -z**6/36 + z**5/15 - z**4/8 + 17*z**2. Let c(y) be the second derivative of m(y). What is the units digit of c(-1)?
8
Suppose -g = -2*x + 34, 0*g + 52 = 3*x - g. Let t(v) = 44*v + 49. What is the tens digit of t(x)?
4
Let r = -255 - -1356. Suppose -4*l + 5*u = -r, -l - u + 3*u + 273 = 0. What is the hundreds digit of l?
2
Let q(m) = -m**3 - 3*m**2 - 10*m + 534. What is the tens digit of q(-37)?
5
Let t = 531 + -524. What is the units digit of (-289685)/(-330) + -1 + t/6?
8
Let d(p) = 218*p - 264. Let j(c) = 6*c - 1. Let s(l) = d(l) + 5*j(l). What is the units digit of s(7)?
7
Suppose 0 = 3*t, a + 4*t - 286 - 59 = 0. Let g = a - 36. What is the units digit of g?
9
Let f(q) = -146*q - 116. Let x = 348 + -354. What is the units digit of f(x)?
0
Let j = 152 - 12. Suppose 2*n = -3*l + 1321, 2*l - j = -5*n + 748. What is the tens digit of l?
3
Suppose 18 - 14 = 2*w - b, -5*b = 20. Suppose 3*y - 772 = -x, w*x + 1292 = 5*y - x. What is the hundreds digit of y?
2
Let k(w) = w**2 - 4*w - 10. Let z be k(6). Let n be 5 - (4 + z + -3). Suppose -l - 322 = -5*o, n*o + l + 3*l = 120. What is the tens digit of o?
6
Suppose 44553 = 19*j - 895. Suppose 30438 = 37*l + j. What is the hundreds digit of l?
7
Let l be 47/3 + (-20)/30. Let z be ((-70)/l)/((-1)/369). What is the tens digit of z/24 - 1/(-4)?
7
Suppose 3*n - 11 = 3*v - 116, n + 26 = -2*v. Let l = n - -36. Suppose 4*g = -3*d + 152, l*d - 127 = 3*g + 59. What is the units digit of d?
8
What is the units digit of (-152)/(-50)*179*(-17 + 12)*-5?
4
What is the thousands digit of (1 + 16/(-6))*(-69)/230*152554?
6
Suppose 5*c - 1674 = 4*o - 132, o - 2 = 0. Suppose -3*q - 5*g + 328 = 0, 0 = 3*q - 11*g + 7*g - c. What is the units digit of q?
6
Let o(m) = 2*m + 1. Let h(l) = 22*l - 29. Let r(k) = -h(k) - 4*o(k). What is the units digit of r(-4)?
5
Let t(w) = w**3 + 5*w**2 - 7*w + 21. Let z(u) = -u**2 - 20*u - 56. Let y be z(-17). What is the tens digit of t(y)?
5
Let k be (144/27 + -5)/(2/42). Suppose -3*d - 1736 = -k*d. What is the units digit of d?
4
Let y(g) = -g**2 + 9*g + 140. Let b be y(17). Suppose 2*a + 3*a = -2*z + 1863, -4*a + 1468 = -b*z. What is the units digit of a?
1
Suppose 50*a - 55*a + 8530 = -3*n, -4*n = 5*a - 8495. What is the thousands digit of a?
1
Let x(g) = 7*g**3 + 6*g**2 + 18*g - 66. Let l be x(7). Let t = -1497 + l. What is the units digit of t?
8
Let y(x) be the second derivative of -893*x**3/6 + 51*x**2/2 + 199*x. What is the units digit of y(-2)?
7
Suppose 0 = 46*p - 7*p - 273. Suppose 0 = 2*n + 2*d - 1736, -4*n - 10*d = -p*d - 3473. What is the units digit of n?
9
Let w(f) = f**3 - 6*f**2 - f + 8. Let u be w(6). Suppose -x + 5 = 2*m - 6, 4*m - u*x = 42. Suppose -2*s - 66 = -m*s. What is the tens digit of s?
1
Let v = -33 + 30. What is the units digit of v*1856/(-72) - 2/6?
7
Suppose 0 = -24*k - 40044 + 112020. What is the hundreds digit of k?
9
Let p(t) = 4*t**2 - 12*t - 39. Suppose -8*d = -4*d + 20. What is the units digit of p(d)?
1
Let x(t) = 388*t**2 - 11*t + 42. What is the thousands digit of x(-6)?
4
Let u = -201 - -356. Suppose 4*y = -4*k + 124, -10*k - u = -5*y - 6*k. What is the tens digit of y?
3
Suppose 3*u + 13 = 22. Suppose u*z - 374 = -z + 2*s, 0 = 3*z + 5*s - 287. Suppose -2*d + z = -90. What is the tens digit of d?
9
Let h(m) = 326*m + 170. What is the units digit of h(2)?
2
Suppose -358*y = -351*y - 21. Suppose 3*h - y*v = 7*h - 726, -5*v + 910 = 5*h. What is the tens digit of h?
8
Let v be (4/3*6/4)/(260/520). Suppose -3*w + w + 8 = 0. Suppose 5*r - 74 = -v*l, l + 8 = -w*r + 76. What is the tens digit of r?
1
Let t = 8 - 7. Let w be (1 - 0)/(t/(-51)). Let n = w - -133. What is the tens digit of n?
8
Let w(n) = 102*n**2 - 30*n + 29. What is the units digit of w(-12)?
7
Suppose v = 56*v - 1237445. What is the thousands digit of v?
2
Suppose 5*g + 4*b = 2391, -4*g - b - 2*b = -1912. Let l = -9 + g. What is the hundreds digit of l?
4
Let m = -559 + 818. Let r = m + -103. What is the tens digit of r?
5
Suppose r + 5*z + 5 = 0, 26 = 4*r - 69*z + 66*z. Suppose 0*g + 5*g - 4316 = 4*d, -r*g + 4288 = 3*d. What is the units digit of g?
0
Suppose 107*w - 112*w = 20. What is the thousands digit of 1551 - (1/w - (-132)/(-48))?
1
Let a(c) = -27*c - 43. Let v be a(-6). Let d = 267 - v. What is the tens digit of d?
4
Let c be (171/(-6) - 2)*-2. Let l be 9/(6/(-63) - (-80)/336). Let i = l - c. What is the units digit of i?
2
Let b(w) = 45*w**2 + 154*w - 2120. What is the ten thousands digit of b(18)?
1
Suppose -124*d + 158859 = -101*d - 283546. What is the hundreds digit of d?
2
Let l(j) = j**2 + j - 26. Let o be l(5). Suppose -o*t = -v + 790 - 2137, 4*v + 348 = t. Suppose -420 - t = -21*b. What is the units digit of b?
6
Let q(s) = 98*s - 109. Let t = 421 + -412. What is the tens digit of q(t)?
7
Let z(j) = -j**2 - 8*j + 1. Let o be z(-9). What is the hundreds digit of o/12 + (-2760)/(-9)?
3
Let g(f) = 3458*f + 3052. What is the hundreds digit of g(10)?
6
Let g(x) = 15*x**2 + 6*x - 47. Let i be g(9). Suppose 27*q = q + i. What is the tens digit of q?
4
Let r(d) = d**3 + 8*d**2 - 8*d - 31. Let o be r(-6). Let l = 128 - o. What is the tens digit of l?
3
Suppose 3*y + 9 = 0, 0 = -c - 7*y + 2*y + 277. Suppose 22 = -2*o + c. What is the hundreds digit of o?
1
Let u(p) = -p**3 + 20*p**2 - 75*p - 18. Let k be u(15). What is the units digit of (k - -14) + 3 + 894?
3
Let b = 609 + -363. Let p = b + -66. What is the hundreds digit of p?
1
Let o be (-28)/14 + 1 + 16. Suppose -3*m = 5*c - 92, -4*m + 77 + o = -c. What is the tens digit of (-16)/m - 195/(-9)?
2
Suppose 361*u - 22975 = -5*h + 356*u, 3*u = 3*h - 13797. What is the thousands digit of h?
4
Let j(y) = -495*y**2 - 25*y + 17 - 2*y**3 + y**3 + 486*y**2. What is the hundreds digit of j(-12)?
7
Suppose 32 = -7*n + 3*n. Let o(l) = -16*l - 36. What is the units digit of o(n)?
2
Let k(v) = -v**2 + 17*v - 28. Let d be k(15). Suppose -57 + 909 = 2*o - d*y, -1278 = -3*o - 3*y. What is the hundreds digit of o?
4
Let r(d) = 22*d**2 - 5*d + 43. Let u be r(5). Let n = u + -179. Let y = n - 259. What is the tens digit of y?
3
Suppose 15*i - 16 - 59 = 0. Suppose -i*w = 4*h - h - 1171, -2*h + 774 = 5*w. What is the hundreds digit of h?
3
Let v(a) = 118 - 363 - 35*a + 173. What is the units digit of v(-5)?
3
Let m = 5531 - 5533. Let z be (-208)/(-7) + 2/7. What is the units digit of (25/(-3))/(m/z)?
5
Let r(m) = m**2 - 3*m + 19. Let c(s) = s**3 + 13*s**2 - 17*s - 29. Let g be c(-14). What is the units digit of r(g)?
9
Suppose 7*b = 874 - 34. Suppose 0 = -3*u + 3*x + b, 0 = -2*u - 3*x + 45 + 15. What is the units digit of u?
6
Let g = 897 - 893. Suppose 0 = -2*p - 2, g*p - 1335 = -2*x + 55. What is the tens digit of x?
9
Let y be (-20)/1*(-24)/60. Suppose y = -0*x + 4*x. Suppose -4*t = -x*t - 34. What is the tens digit of t?
1
Let m = 14477 - 11855. What is the hundreds digit of m?
6
Let q = 334 + -321. Suppose 0 = -3*h - q*h + 6464. What is the hundreds digit of h?
4
Let f = -495 - -16987. What is the thousands digit of f?
6
Suppose -688*s - 2*g = -684*s - 154446, -15 = -5*g. What is the tens digit of s?
1
Let z(n) = 4*n**